er?
True
Is 29872814383 composite?
True
Is 323979467623 prime?
False
Is 6267163277 prime?
False
Is 4010446885 composite?
True
Is 1280977699 composite?
False
Is 56120219 a composite number?
False
Is 1421846113 a composite number?
False
Is 161348723 prime?
False
Is 8762839402 a composite number?
True
Is 1991415847 a composite number?
False
Is 6903617741 a prime number?
True
Is 679981193 composite?
False
Is 438691543 composite?
False
Is 35900384447 a composite number?
True
Is 9418954121 prime?
False
Is 39692878457 a prime number?
False
Is 299707613 prime?
False
Is 21813753371 a prime number?
False
Is 1088929531 prime?
False
Is 5645901845 composite?
True
Is 1098684757 a prime number?
True
Is 1886065607 composite?
False
Is 404094421 prime?
True
Is 729955277 composite?
True
Is 12685355129 a prime number?
False
Is 39014462702 a prime number?
False
Is 215383379 a composite number?
False
Is 32405987 a composite number?
False
Is 2326309 prime?
True
Is 126003209 composite?
True
Is 5688809873 prime?
False
Is 1020577087 composite?
True
Is 2279798449 a prime number?
False
Is 2110349029 prime?
True
Is 18662556851 a composite number?
False
Is 55081748261 a composite number?
False
Is 24153942143 prime?
True
Is 18181527587 a composite number?
True
Is 40622790191 composite?
True
Is 7853673383 composite?
False
Is 82480363949 a prime number?
False
Is 1767155263 a composite number?
False
Is 18825457307 prime?
True
Is 32327701223 a prime number?
True
Is 12872998799 a prime number?
True
Is 644518665521 a prime number?
True
Is 66900221 prime?
False
Is 438484231 prime?
False
Is 6042052859 a composite number?
False
Is 55198335797 prime?
False
Is 20951037539 a prime number?
False
Is 461973539 a composite number?
False
Is 27933835003 a prime number?
False
Is 849684887333 a composite number?
False
Is 1337966117 a composite number?
False
Is 3971723213 a prime number?
True
Is 33047864261 composite?
True
Is 9624431783 composite?
False
Is 61897171 a composite number?
True
Is 3605604551 composite?
False
Is 4074359339 composite?
False
Is 5839001351 a prime number?
False
Is 91783038062 composite?
True
Is 8408193583 composite?
True
Is 467229287 a composite number?
True
Is 2961252571 composite?
False
Is 4689678437 a prime number?
True
Is 19286697763 composite?
False
Is 288806233 a prime number?
True
Is 361150967 a composite number?
False
Is 2696846819 a prime number?
True
Is 34425382139 prime?
True
Is 6725446571 a composite number?
False
Is 1662254107 a prime number?
True
Is 1334970557 prime?
False
Is 54914608679 a composite number?
True
Is 128771347409 a prime number?
True
Is 1949938181 a prime number?
True
Is 2986949393 composite?
False
Is 55304700313 a composite number?
False
Is 9418466999 a prime number?
True
Is 34327837481 a composite number?
True
Is 3380453789 prime?
True
Is 51473847567 a prime number?
False
Is 3122232559 a composite number?
False
Is 555796621 a prime number?
True
Is 1947357749 prime?
True
Is 132240672503 prime?
False
Is 104788555759 composite?
False
Is 26528049473 composite?
False
Is 2093732071 composite?
False
Is 85138805443 composite?
True
Is 2969006449 composite?
False
Is 10663494263 composite?
True
Is 22504669181 composite?
True
Is 6885782333 a composite number?
True
Is 16041395767 composite?
False
Is 253633645 prime?
False
Is 10169720329 a prime number?
True
Is 2655319727 a prime number?
True
Is 65762939342 composite?
True
Is 825386513 a prime number?
False
Is 259467293 a prime number?
True
Is 1420513147 prime?
True
Is 236231095 composite?
True
Is 1928658297 a prime number?
False
Is 24241307633 prime?
True
Is 10144211491 a prime number?
False
Is 2959124503 a composite number?
False
Is 8849861011 a prime number?
True
Is 40182073381 a composite number?
False
Is 21200308127 prime?
True
Is 3175876027 composite?
False
Is 21030401857 composite?
False
Is 31644525545 prime?
False
Is 22992187 a prime number?
True
Is 22705213 composite?
False
Is 1951104865 composite?
True
Is 38592349421 composite?
False
Is 8898050723 a prime number?
False
Is 1008039953 composite?
False
Is 13549257133 a composite number?
True
Is 443428789 composite?
False
Is 154495907 prime?
True
Is 85029269849 a composite number?
False
Is 23065388653 a composite number?
False
Is 12675316883 a prime number?
True
Is 18603892339 prime?
True
Is 1157051983 composite?
True
Is 18181165 a prime number?
False
Is 6583148743 a composite number?
True
Is 1780478159 a prime number?
True
Is 89118096329 a prime number?
True
Is 3392684978 a composite number?
True
Is 6404152409 a composite number?
True
Is 108553361 a composite number?
True
Is 10024042619 composite?
False
Is 42360774349 a prime number?
False
Is 33540185317 a composite number?
True
Is 4047441131 composite?
False
Is 2512930801 a prime number?
True
Is 1550220223 composite?
True
Is 12142495039 composite?
True
Is 9596789413 a composite number?
True
Is 264152423 a composite number?
False
Is 2803595437 prime?
False
Is 2626996861 a composite number?
False
Is 8871374191 composite?
True
Is 1465017193 a prime number?
False
Is 1111176089 prime?
True
Is 575315693 a composite number?
True
Is 608305183 composite?
True
Is 41820403 composite?
False
Is 4501267189 prime?
False
Is 54352896629 prime?
False
Is 22069041703 a prime number?
False
Is 6729399791 a prime number?
False
Is 2914072519 a prime number?
False
Is 4789780691 a composite number?
False
Is 88376459 a prime number?
True
Is 2251418009 composite?
True
Is 158379323 a composite number?
False
Is 9810780209 composite?
False
Is 8471340629 composite?
True
Is 115023444241 composite?
True
Is 1177877251 composite?
True
Is 444264247279 a prime number?
True
Is 240466873 a prime number?
True
Is 3945560839 a composite number?
True
Is 22946319887 a composite number?
True
Is 3689542687 prime?
True
Is 87560162999 a prime number?
True
Is 4509402511 a prime number?
True
Is 2482485823 a composite number?
True
Is 93803189 composite?
False
Is 3634882133 a prime number?
False
Is 378939923 a composite number?
False
Is 494277829 a composite number?
False
Is 461417771 composite?
False
Is 4064060453 a composite number?
True
Is 40922848319 composite?
False
Is 1413520457 a prime number?
False
Is 935406566 a composite number?
True
Is 1192724371 a composite number?
False
Is 33742784063 prime?
False
Is 9028556827 composite?
True
Is 46303057027 a prime number?
False
Is 10362725099 a composite number?
False
Is 883455869 a composite number?
True
Is 135271613417 prime?
True
Is 103862374643 composite?
True
Is 21416830651 a composite number?
False
Is 659186987 a composite number?
False
Is 15222979673 prime?
False
Is 28546791535 prime?
False
Is 859347557 a composite number?
False
Is 159482553193 composite?
True
Is 22143421 a composite number?
False
Is 312646121 prime?
False
Is 8064630703 composite?
False
Is 4935125401 composite?
True
Is 34774405969 a composite number?
True
Is 5482033 prime?
False
Is 700870897 a composite number?
False
Is 66143573 prime?
False
Is 2387269457 composite?
True
Is 1106463287 composite?
False
Is 1221219577 prime?
True
Is 9369648643 a prime number?
False
Is 916236169 composite?
True
Is 145572899 composite?
False
Is 12111898091 prime?
False
Is 1832704883 a composite number?
True
Is 55643626579 a prime number?
True
Is 214486878677 composite?
False
Is 28809006797 a composite number?
False
Is 1057661377 a prime number?
False
Is 121031117 a prime number?
True
Is 2315694259 a prime number?
True
Is 17282361359 a composite number?
True
Is 130824611 prime?
True
Is 25860955409 prime?
False
Is 165044274803 a composite number?
True
Is 3304492459 a composite number?
True
Is 596732270473 a prime number?
True
Is 9697039043 composite?
True
Is 168898501 composite?
True
Is 4560016001 a prime number?
False
Is 7335901063 a composite number?
False
Is 39110998271 prime?
True
Is 81459296749 a composite number?
True
Is 9265045969 a composite number?
False
Is 46461459799 a prime number?
False
Is 60168539069 prime?
True
Is 3607255933 prime?
True
Is 168678086743 prime?
True
Is 28669979599 a prime number?
True
Is 11688411701 composite?
False
Is 94774708723 a composite number?
True
Is 1672828981 a prime number?
False
Is 1030785073 a composite number?
True
Is 132972551981 prime?
False
Is 15598994651 a composite number?
False
Is 15974569427 a 